{"version":"1.0","provider_name":"Handmade","provider_url":"https:\/\/handmade.cafeblog.hu","author_name":"T\u00fcnde","author_url":"https:\/\/handmade.cafeblog.hu\/author\/marjanne-tundegmail-com\/","title":"K\u00e1v\u00e9s\u00fcveg","html":"<p>Ez a k\u00e1v\u00e9s\u00fcveg eredetileg is k\u00e1v\u00e9t tartalmazott, teh\u00e1t rendeltet\u00e9se szerint lehet haszn\u00e1lni, mind\u00f6ssze egyediv\u00e9 v\u00e1lt. A p\u00e1rizsi hangulat\u00fa mint\u00e1t kapta \u00e9s contryk\u00e9k sz\u00ednt, amit sajnos nem ad vissza sz\u00edn h\u0171en a k\u00e9p, mert bizony el\u00e9g z\u00f6ldes lett, de eredetileg sz\u00e9p k\u00e9k. :) Kapott repeszt\u00e9st \u00e9s umbra antikol\u00f3t, majd lakkot k\u00e9t r\u00e9tegben. A kupak is sz\u00ednre lett festve \u00e9s a tetej\u00e9re ker\u00fclt egy kis minta, ami szint\u00e9n antikolva van, majd lakkozva.<\/p>\r\n<p style=\"text-align: center\"><a href=\"https:\/\/handmade.cafeblog.hu\/files\/2013\/12\/K\u00e1v\u00e9s\u00fcveg.jpg\"><img class=\"aligncenter  wp-image-36\" src=\"https:\/\/handmade.cafeblog.hu\/files\/2013\/12\/K\u00e1v\u00e9s\u00fcveg.jpg\" alt=\"\" width=\"614\" height=\"461\" \/><\/a><\/p>\r\n<div>\"Van a k\u00e1v\u00e9... A fekete. Olyan, mint az \u00e9let. S\u00f6t\u00e9t \u00e9s keser\u0171. \u00c9s van a k\u00e1v\u00e9h\u00e1z. Ahol nem a k\u00e1v\u00e9 a legfontosabb, hanem a tal\u00e1lkoz\u00e1s. A besz\u00e9lget\u00e9s. K\u00e9t ember besz\u00e9l, besz\u00e9l, besz\u00e9l, \u00e9s egy napon a k\u00e1v\u00e9 m\u00e1s \u00e9rtelmet nyer. \u00c1talakul \u00e9rzelmekk\u00e9. T\u00f6bb\u00e9 m\u00e1r nem egyszer\u0171 k\u00e1v\u00e9, hanem bar\u00e1ts\u00e1g, szeretet, vagy \u00e9ppen szerelem. Az ir\u00e1nt, akivel a k\u00e1v\u00e9z\u00e1s \u00e9lm\u00e9ny\u00e9t az ember megosztja. Att\u00f3l kezdve minden cs\u00e9sze k\u00e1v\u00e9 ezt jelenti. A m\u00e1sikat. M\u00e9g akkor is, ha nincs jelen. Eml\u00e9ke, eml\u00e9keztet\u0151je lesz. \u00c9s ekkor m\u00e1r nem s\u00f6t\u00e9t, \u00e9s nem keser\u0171.\"<\/div>\r\n<div>\u00a0<\/div>\r\n<div>Csit\u00e1ry-Hock Tam\u00e1s<\/div>","type":"rich","thumbnail_url":"https:\/\/handmade.cafeblog.hu\/files\/2013\/12\/K\u00e1v\u00e9s\u00fcveg-150x150.jpg","thumbnail_width":150,"thumbnail_height":150}

Tünde

Kávésüveg

<p>Ez a kávésüveg eredetileg is kávét tartalmazott, tehát rendeltetése szerint lehet használni, mindössze egyedivé vált. A párizsi hangulatú mintát kapta és contrykék színt, amit sajnos nem ad vissza szín hűen a kép, mert bizony elég zöldes lett, de eredetileg szép kék. :) Kapott repesztést és umbra antikolót, majd lakkot két rétegben. A kupak is színre lett festve és a tetejére került egy kis minta, ami szintén antikolva van, majd lakkozva.</p>
<p style="text-align: center"><a href="https://handmade.cafeblog.hu/files/2013/12/Kávésüveg.jpg"><img class="aligncenter  wp-image-36" src="https://handmade.cafeblog.hu/files/2013/12/Kávésüveg.jpg" alt="" width="614" height="461" /></a></p>
<div>"Van a kávé... A fekete. Olyan, mint az élet. Sötét és keserű. És van a kávéház. Ahol nem a kávé a legfontosabb, hanem a találkozás. A beszélgetés. Két ember beszél, beszél, beszél, és egy napon a kávé más értelmet nyer. Átalakul érzelmekké. Többé már nem egyszerű kávé, hanem barátság, szeretet, vagy éppen szerelem. Az iránt, akivel a kávézás élményét az ember megosztja. Attól kezdve minden csésze kávé ezt jelenti. A másikat. Még akkor is, ha nincs jelen. Emléke, emlékeztetője lesz. És ekkor már nem sötét, és nem keserű."</div>
<div> </div>
<div>Csitáry-Hock Tamás</div>

https://handmade.cafeblog.hu/files/2013/12/Kávésüveg-150x150.jpg
